38. Suppose -2*i + 5*c = 4*c - 4, -i = 2*c + 8. Suppose 2*k - 4 = 12. Calculate the remainder when z(i) is divided by k.
6
Let t(b) = -52*b - 65. Let r(a) = 26*a + 33. Let d(i) = 9*r(i) + 4*t(i). What is the remainder when d(7) is divided by 37?
34
Let g be (-16*4/5)/((-8)/40). Let k = g - 39. What is the remainder when 124 is divided by k?
24
Let w = 2 - -27. Let g = 52 - w. Suppose k = -4*k + 220. Calculate the remainder when k is divided by g.
21
Let z be 32/(-48) + (-904)/(-6). Suppose -z*o + 14 = -148*o. Calculate the remainder when 20 is divided by o.
6
Let t(m) = -m**2 - 8*m - 10. Let j be t(-6). What is the remainder when (4/(-6))/(j/(-27)) is divided by 4?
1
Let t = 6 + 14. Suppose 10 = c - t. Suppose -6*r = -r + 2*h - 63, r + 4*h = 27. What is the remainder when c is divided by r?
8
Suppose c + 10 = -3*u + u, -3*c + 5*u + 25 = 0. Suppose 4*j + 3*a - 136 = 8*a, -5*j + 3*a + 170 = c. Calculate the remainder when 135 is divided by j.
33
Let c(j) = -10*j - 34. Let d be c(-6). Let z = -14 + d. What is the remainder when 106 is divided by z?
10
Suppose 5*d - 19 - 71 = 2*r, -2*d = 4*r - 60. What is the remainder when 57 is divided by d?
17
Suppose -f - 646 = 5*a, 0 = -5*a - 6*f + 8*f - 643. Let z = -112 - a. Calculate the remainder when 45 is divided by z.
11
Let x be 81/18*2/(-3). Let g(n) = -n + 4. Calculate the remainder when 25 is divided by g(x).
4
Suppose 18*m - 14*m = -2*o - 12, 4*o - m = 21. What is the remainder when 9 is divided by o?
1
Calculate the remainder when 10 is divided by (21/(-7) - -6) + 2/(-1).
0
Let a(l) = l**3 - 11*l**2 + 10*l - 9. Let s be a(10). Suppose 3*o = b + 10, 2*b - 18 = 3*b + o. Let y = s - b. What is the remainder when y is divided by 4?
3
Suppose 6 - 4 = m. Suppose 4*b - 3*j = 44, m*j = 2*b - 0*b - 20. What is the remainder when 55 is divided by b?
13
Suppose -5*d = -3*d - 60. Let k = 36 - d. Calculate the remainder when k is divided by 2.
0
Let i(m) = -21*m - 18. Let g be i(-6). Suppose -16*w - g = -620. Calculate the remainder when w is divided by 5.
2
Suppose 2 = l + 3. Let w(d) = 36*d**2 - 7*d - 9. Let f(v) = 18*v**2 - 3*v - 4. Let o(z) = 9*f(z) - 4*w(z). What is the remainder when o(l) is divided by 5?
2
Let a(t) be the second derivative of 2*t - 3/20*t**5 - 1/2*t**3 - 3/2*t**2 + 0 - 1/12*t**4. Calculate the remainder when 66 is divided by a(-2).
20
Suppose 0 = d + 1 - 3. Suppose -m = -d*z, 4*m + 4*z - 9 = 3. Suppose -51 = -h - m. Calculate the remainder when h is divided by 26.
23
Let j(l) = l**2 + 3*l + 2. Calculate the remainder when (-12)/27 - 422/(-18) is divided by j(-5).
11
Suppose 8 = -t + 3*q, -2*t - 2*q = -1 - 23. Let d(i) = -3 + t*i + 6*i + i. Calculate the remainder when d(2) is divided by 9.
7
Let c = 34 + 34. Let k = 35 + -31. Suppose 2*o = k*o - c. Calculate the remainder when o is divided by 18.
16
Let w(q) = -q**2 - 16*q - 42. Let i be w(-12). Let j(p) = 3*p**2 + 2*p - 4. What is the remainder when j(i) is divided by 40?
36
Let m(t) = t**2 - 18*t + 11. Let d = -17 + 25. Calculate the remainder when m(18) is divided by d.
3
Suppose b = -p + 17, 2*b - 3*p + 150 = 189. Calculate the remainder when 298 is divided by b.
10
What is the remainder when 183 is divided by (-1)/6 + (-3324)/(-72)?
45
Let t(z) = -z**2 + 7*z - 14. Let m be t(4). Suppose 6*j + 2*y = 5*j + 38, -3*j + 100 = -y. What is the remainder when j is divided by (-248)/(-14) + m/(-7)?
16
Suppose -z - 52 = 4*m, -2*m + 2*z = 9 + 7. Let a = 7 - m. What is the remainder when a is divided by 11?
8
Let w = -266 - -271. Let x(a) = -4*a - 2. Suppose 3*q + 20 = 5. Calculate the remainder when x(q) is divided by w.
3
Let y(g) = 3*g**2 + 1 - 8 - 3*g - 2*g. What is the remainder when y(-3) is divided by 9?
8
Let j(m) = 9*m - 6 - 2 + 3 + 1. Let z be j(-6). Let b = -26 - z. What is the remainder when b is divided by 11?
10
Suppose 0 = 5*w + 110 - 20. Let p = w + 45. Let f = -24 + p. Calculate the remainder when f is divided by 3.
0
Suppose 4*k + r - 832 = -0*r, -402 = -2*k - 4*r. Suppose o - k = 190. What is the remainder when 65 is divided by 3/(-12) + o/12?
32
Suppose -4*a + 414 = -2*a. What is the remainder when a is divided by 35?
32
Let u(y) = 11*y**3 - 2*y**2 - 10*y + 8. Let p be u(3). Let d be (50/4)/((-1)/14). Let b = p + d. What is the remainder when b is divided by 21?
19
Suppose j - z + 0*z = 48, -5*j - 3*z + 224 = 0. Let w = -17 + j. Calculate the remainder when 113 is divided by w.
26
Let m(d) = d - 12. Let a be m(9). Calculate the remainder when (115/5 + a)*2 is divided by 15.
10
Suppose 0 = -7*p + 16219 + 10234. Calculate the remainder when p is divided by 28.
27
What is the remainder when -6 + (10 - 3) + 2 + 191 is divided by 29?
20
Suppose 4*z + 11 = 159. Suppose -5 = -g - 1. Suppose 7*v - 30 = g*v. What is the remainder when z is divided by v?
7
Suppose 4*j - 7 = -2*m + 19, -5*m + 16 = 3*j. What is the remainder when 74 is divided by j?
4
What is the remainder when -6*(-18)/(-81) - 9590/(-6) is divided by 20?
17
Let g(h) = h**3 + 23*h - 9. What is the remainder when g(4) is divided by 24?
3
Let m(x) = -x**3 - 6*x**2 - x + 2. Suppose 2*l = 6*l + 3*o + 18, 2*o + 14 = -3*l. Calculate the remainder when 12 is divided by m(l).
4
Let o = -59 - -117. Suppose -3*h = -2*h - o. Let b = 0 + 15. Calculate the remainder when h is divided by b.
13
Suppose 16*u - 35 - 317 = 0. Suppose -307 + 92 = -5*r. Calculate the remainder when r is divided by u.
21
Let t = -863 - -877. Calculate the remainder when 132 is divided by t.
6
Suppose -2*v - 2 + 0 = 0. Let l be (-12)/(4/v)*1. Suppose -5*q = -l*i - 195, -q - 178 = -5*q - 2*i. Calculate the remainder when q is divided by 11.
9
Let d(f) = 4*f - 17. Let q(x) = -x**2 + 11*x - 11. Let j be q(9). What is the remainder when d(j) is divided by 4?
3
Let i(d) = -8*d - 1. Let h(f) = -3*f - 1. Let v be h(-2). Suppose -26 + 106 = v*b. Calculate the remainder when i(-8) is divided by b.
15
Let f(c) = -90*c**2 + c + 1. Let a be f(-1). Suppose 76 = -2*j - 194. Let b = a - j. What is the remainder when b is divided by 24?
21
Suppose 3*v = 6*v + 123. Let m = 21 - v. Calculate the remainder when m is divided by 9.
8
Suppose -52 = 3*k + 233. Let j = -87 - k. Calculate the remainder when 13 is divided by j.
5
Let p(w) = w**3 - 4*w**2 - 5*w + 6. Let s be p(4). Let t = 40 + s. Calculate the remainder when t is divided by 14.
12
Suppose -3*c + 17 = -2*c. Let d = 34341 + -34316. What is the remainder when d is divided by c?
8
Let a(i) = 14*i + 30. Calculate the remainder when 59 is divided by a(-1).
11
Suppose 5*o - 350 - 183 = -3*p, -202 = -2*o - 4*p. Let a(h) = -4*h - 6. Calculate the remainder when o is divided by a(-7).
21
Let k be 0 - (-2 - -8)/(-2). Suppose 5*i = k*i + 42. What is the remainder when 59 is divided by i?
17
What is the remainder when ((225/(-6))/(-5))/((-2)/(-36)) is divided by 62?
11
Let n = 197 - 126. Calculate the remainder when 206 is divided by n.
64
Let k(i) = -7*i - 4. Let l = -20 - -18. Calculate the remainder when 27 is divided by k(l).
7
Suppose 75*u - 12 = 74*u. What is the remainder when 419 is divided by u?
11
Suppose -5*l + 25 = 0, -2*l - 190 = -3*m + 364. Let y = m - 101. What is the remainder when y is divided by 30?
27
Suppose -b + 220 + 152 = 3*d, -5*d + 616 = 3*b. What is the remainder when d is divided by 14?
13
Suppose -4*a = -4*w - 20, 5*a - 4*a - 7 = -w. What is the remainder when 233 is divided by a?
5
Let v = 156 + -113. What is the remainder when 122 is divided by v?
36
Suppose 15*z = 9*z + 2244. What is the remainder when z is divided by 42?
38
Suppose 0 = -49*m - 760 + 8257. What is the remainder when m is divided by 78?
75
Let g = -221 - -223. Suppose -8 = -2*o - 0*o. Calculate the remainder when o is divided by g.
0
Suppose 0*c - 2*c = 52. Let p = c - -37. What is the remainder when 13/(-65) + 642/10 is divided by p?
9
Suppose 2*i + 2*c = 38, -8*i + 4*i + 66 = -c. Let o = 167 + -85. Suppose -3*g = 4*b - g - 328, b + 4*g = o. What is the remainder when b is divided by i?
14
Let w(l) = l**3 - 3*l**2 - 3*l - 1. Let c be w(-2). Let q = c + 22. Suppose 2*d = d + q. Calculate the remainder when 12 is divided by d.
5
Let v be -3 - -4 - -68 - 2. Let s = 142 - v. What is the remainder when s is divided by 26?
23
Let r(x) = -x**3 + 11*x**2 + 4. Let b be r(11). Suppose 0